ber?
True
Is 4853 prime?
False
Is 208657 a composite number?
False
Is 14893 prime?
False
Is 51601 a composite number?
True
Is 36739 prime?
True
Is 52433 composite?
False
Is 768767 composite?
False
Is 177511 composite?
False
Is 4126 prime?
False
Is 92867 prime?
True
Is 706 a prime number?
False
Is 6753 prime?
False
Is 150947 a prime number?
False
Is 1043723 a composite number?
False
Is 100774 prime?
False
Is 64109 composite?
False
Is 887 a prime number?
True
Is 266549 a composite number?
False
Is 149323 a prime number?
True
Is 6671 a composite number?
True
Is 115537 prime?
False
Is 19999 a prime number?
False
Is 11391 a prime number?
False
Is 10873 composite?
True
Is 88581 composite?
True
Is 1363511 composite?
False
Is 322157 composite?
True
Is 1117 composite?
False
Is 213 a prime number?
False
Is 40615 prime?
False
Is 561173 a composite number?
False
Is 132103 prime?
True
Is 25337 composite?
True
Is 183871 prime?
True
Is 2927 a prime number?
True
Is 211493 a composite number?
False
Is 136339 a composite number?
True
Is 4535689 a prime number?
True
Is 514381 prime?
False
Is 34721 composite?
False
Is 52519 composite?
True
Is 24478 composite?
True
Is 9151 a prime number?
True
Is 907 prime?
True
Is 9307 prime?
False
Is 22123 a prime number?
True
Is 17153 a prime number?
False
Is 337 prime?
True
Is 24305 prime?
False
Is 185431 a composite number?
True
Is 879 composite?
True
Is 53111 prime?
False
Is 86399 a composite number?
False
Is 206041 a composite number?
True
Is 22613 composite?
False
Is 72679 prime?
True
Is 48131 a prime number?
True
Is 125497 composite?
False
Is 1756621 prime?
False
Is 1272353 a composite number?
True
Is 118159 a prime number?
False
Is 259135 a prime number?
False
Is 389 prime?
True
Is 285721 a prime number?
True
Is 13085 prime?
False
Is 33427 a prime number?
True
Is 760423 prime?
True
Is 3743 prime?
False
Is 7022359 prime?
True
Is 175501 a composite number?
True
Is 10193 a prime number?
True
Is 122201 a prime number?
True
Is 2235889 composite?
True
Is 9094 a prime number?
False
Is 40781 prime?
False
Is 420601 a composite number?
True
Is 13047 composite?
True
Is 47347 prime?
False
Is 77851 a composite number?
True
Is 53349 a prime number?
False
Is 355747 composite?
True
Is 14051 a composite number?
False
Is 4831 a composite number?
False
Is 5794 composite?
True
Is 12097 a composite number?
False
Is 97941 a prime number?
False
Is 2217 composite?
True
Is 18037 prime?
False
Is 288223 a prime number?
False
Is 150193 a prime number?
True
Is 8923 a composite number?
False
Is 2921 composite?
True
Is 340859 a composite number?
False
Is 5701 a prime number?
True
Is 156617 a composite number?
True
Is 2239169 a prime number?
False
Is 487353 a prime number?
False
Is 105899 a composite number?
False
Is 805471 a composite number?
False
Is 95591 a composite number?
True
Is 107999 prime?
True
Is 563 a prime number?
True
Is 3869663 a composite number?
True
Is 474119 composite?
False
Is 74153 a prime number?
False
Is 78977 composite?
False
Is 260031 a prime number?
False
Is 15517 composite?
True
Is 598911 composite?
True
Is 11246 a composite number?
True
Is 930923 composite?
True
Is 1831 a composite number?
False
Is 225779 prime?
True
Is 1087 a prime number?
True
Is 55745 a prime number?
False
Is 20407 composite?
False
Is 24709 prime?
True
Is 7789 a prime number?
True
Is 7187 a prime number?
True
Is 418811 composite?
False
Is 13657 prime?
False
Is 178081 a prime number?
False
Is 1061 prime?
True
Is 169739 a prime number?
False
Is 2879 composite?
False
Is 16201 a composite number?
True
Is 20611 a composite number?
False
Is 14983 a composite number?
False
Is 537167 prime?
False
Is 619435 prime?
False
Is 93109 composite?
True
Is 322717 a composite number?
True
Is 55661 prime?
True
Is 134287 composite?
False
Is 64203 a prime number?
False
Is 186467 a composite number?
True
Is 28115 prime?
False
Is 924743 a prime number?
True
Is 82339 prime?
True
Is 57503 prime?
True
Is 97231 a prime number?
True
Is 982603 prime?
True
Is 39971 a composite number?
False
Is 7057 a composite number?
False
Is 2479 a composite number?
True
Is 29411 composite?
False
Is 384851 prime?
True
Is 35729 a prime number?
True
Is 19235 composite?
True
Is 234673 a composite number?
False
Is 4321 prime?
False
Is 34381 composite?
False
Is 182038 composite?
True
Is 158429 composite?
False
Is 769 a composite number?
False
Is 150907 prime?
True
Is 18965 prime?
False
Is 33574 a composite number?
True
Is 307811 a composite number?
True
Is 52617 a composite number?
True
Is 30427 a composite number?
False
Is 210391 composite?
False
Is 831361 prime?
True
Is 26237 composite?
False
Is 154681 prime?
True
Is 50357 a composite number?
True
Is 87581 composite?
True
Is 1693 prime?
True
Is 10061 a composite number?
False
Is 40431 a composite number?
True
Is 27461 a prime number?
False
Is 131891 composite?
False
Is 569111 a prime number?
True
Is 298897 a prime number?
True
Is 1157053 a prime number?
True
Is 11311 a prime number?
True
Is 950281 composite?
False
Is 6433 a prime number?
False
Is 42557 prime?
True
Is 11099 a composite number?
True
Is 72613 a prime number?
True
Is 233119 prime?
False
Is 4417 a prime number?
False
Is 5833 a prime number?
False
Is 863 prime?
True
Is 15187 prime?
True
Is 40739 composite?
False
Is 38039 a prime number?
True
Is 9977 prime?
False
Is 283079 prime?
True
Is 199345 a prime number?
False
Is 855131 a prime number?
True
Is 7493 prime?
False
Is 373 a prime number?
True
Is 38638 composite?
True
Is 16217 composite?
False
Is 137179 a composite number?
True
Is 2573947 prime?
True
Is 26337 a prime number?
False
Is 18499 a composite number?
True
Is 79801 prime?
True
Is 719 a prime number?
True
Is 68587 prime?
False
Is 28963 a composite number?
True
Is 2657181 prime?
False
Is 723623 a composite number?
False
Is 4223 prime?
False
Is 489713 a prime number?
False
Is 37463 composite?
False
Is 313397 composite?
True
Is 58657 a composite number?
False
Is 50703 prime?
False
Is 2503 prime?
True
Is 9181 a composite number?
False
Is 69985 a composite number?
True
Is 1410623 a composite number?
False
Is 128569 a composite number?
True
Is 255313 a prime number?
True
Is 141793 a composite number?
False
Is 26591 composite?
False
Is 4049 prime?
True
Is 65207 a prime number?
False
Is 5549 a prime number?
False
Is 33739 composite?
False
Is 829781 a prime number?
False
Is 11857 prime?
False
Is 1724239 composite?
True
Is 30631 a prime number?
True
Is 57287 a prime number?
True
Is 60383 prime?
True
Is 53989 a prime number?
False
Is 2229277 prime?
True
Is 4037 composite?
True
Is 55763 composite?
False
Is 17231 prime?
True
Is 80515 a composite number?
True
Is 12381 a composite number?
True
Is 2333 prime?
True
Is 59293 composite?
True
Is 9647 a prime number?
False
Is 534913 a composite number?
False
Is 406115 a composite number?
True
Is 1151 a prime number?
True
Is 98399 composite?
True
Is 116657 composite?
False
Is 3989 composite?
False
Is 5167 a composite number?
False
Is 1069 prime?
True
Is 337289 prime?
False
Is 72073 prime?
True
Is 16943 a composite number?
False
Is 14843 a prime number?
True
Is 10931 a composite number?
True
Is 38621 a prime number?
False
Is 142261 composite?
True
Is 230117 a composite number?
False
Is 1042 prime?
False
Is 413467 prime?
False
Is 195863 a composite number?
False
Is 7835 a composite number?
True
Is 65921 a prime number?
True
Is 2333 prime?
True
Is 11273 a prime number?
True
Is 5723 a composite number?
True
Is 372931 prime?
False
Is 12223 a prime number?
False
Is 213821 a composite number?
False
Is 5806 prime?
False
Is 6434 composite?
True
Is 13069 a prime number?
False
Is 90227 a prime number?
True
Is 49157 a composite number?
False
Is 117071 composite?
False
Is 50627 a composite number?
False
Is 2215717 composite?
True
Is 1658701 a prime number?
False
Is 955 composite?
True
Is 209639 a composite number?
False
Is 54667 a prime number?
True
Is 245773 prime?
False
Is 993185 a prime number?
False
Is 822631 a prime number?
True
Is 30169 prime?
True
Is 30507 a prime number?
False
Is 44977 a prime number?
False
Is 30854 a composite number?
True
Is 103769 prime?
True
Is 867913 composite?
False
Is 8509 a prime number?
False
Is 68369 a composite number?
True
Is 15